n(c) + 19*p(c). Calculate q(b).
-2
Let m(g) = 1 + 2*g**2 + 16*g**2 - 2*g + 8*g**2 - 47*g**2. Suppose 2*r + 3 = 5*r. Determine m(r).
-22
Let t be ((-5)/3 - (1320/(-36))/22)/(-1). Let a(u) = 35*u + 5. Give a(t).
5
Let m(u) = 12*u - 18*u + 9*u - 3. Let k be m(4). Let p(r) = -3 - 7*r**2 + 0 - r**3 + 2 - 7 - k*r. Determine p(-6).
10
Let z(p) = -16*p**3 + 106*p**2 + 275*p - 141. Let b(d) = -5*d**3 + 35*d**2 + 92*d - 47. Let q(o) = -19*b(o) + 6*z(o). Give q(-25).
-3
Let k = 95 - 86. Let z(b) = -5 - k*b - 1 + 2 + 10*b**2 - b**3 - 1. What is z(9)?
-5
Let m be 23 + -2 - 0/2. Suppose -962 = 20*y + 17*y. Let r = y + m. Let o(l) = l**3 + 5*l**2 - 2*l - 5. Calculate o(r).
5
Let z(m) = -2*m + 3. Let o(x) = x**2 - 5*x - 8. Let t be o(6). Let j be (2 - -2)/(-4) - (-462)/t. Let r be (j/(-60))/(-1) - (-2)/(-15). Give z(r).
11
Let g(w) = w + 14. Let j(k) = 3*k - 6. Let i(t) = -g(t) - 2*j(t). Determine i(6).
-44
Suppose -1 = 4*m + 5*v, 0 = 2*m + 2*v + 2 - 4. Let n(l) = l**2 + 25*l + 2. Let w be n(-25). Let r(a) = -8 - 5*a - 11*a**w + 0*a + 12*a**2 + 0*a. What is r(m)?
-2
Let p = -1460 + 1454. Let q(m) = -1. Let a be (-4)/(-6) - (-3)/9. Let x(i) = -i - 8. Let r(j) = a*x(j) + p*q(j). Give r(-2).
0
Let n(j) = 21*j**2 + 87*j - 26. Let h(d) = 5*d**2 + 21*d - 6. Let u(k) = 25*h(k) - 6*n(k). Let s = 17 - 12. Calculate u(s).
-4
Let i be 98/40 + -3 + (-378)/(-630). Let h(b) be the second derivative of -i*b**5 + 0*b**3 - 24*b + 0 + 1/2*b**2 + 5/12*b**4. Calculate h(5).
1
Let i = -350 + 359. Let o(b) be the first derivative of -5 - 3/2*b**2 + i*b. What is o(6)?
-9
Let b(p) be the first derivative of -p**3/3 - 2*p**2 + 4*p - 3975. What is b(4)?
-28
Let w(o) = o**2 + 3*o - 9. Let m(i) = 33*i + 302. Let b be m(-9). Suppose -b*t + 0*t - 44 = 4*h, 3*h + 3 = 0. Give w(t).
31
Let a(n) = n**3 + 4*n**2 + 2*n + 2. Suppose 16*b = 10*b + 96. Suppose -b*q - 26 - 38 = 0. Calculate a(q).
-6
Suppose p + 2*i + 216 = 0, -15*p + 2*i - 444 = -13*p. Let m = -212 - p. Let k(z) = 4*z - 12. Calculate k(m).
20
Let o(h) = 128*h - 128*h - 2 - 2*h**2. Let x = 30 - 30. Suppose -v + 7*v - 12 = x. Determine o(v).
-10
Let u(i) = -23*i - 11. Let w(d) = 49*d + 36. Let m(k) = 5*u(k) + 3*w(k). Calculate m(-2).
-11
Suppose 4*z = 13 - 5. Let c(f) = 517 + 497 - 1536 + 520 - 9*f. Calculate c(z).
-20
Let d(j) = 5*j - 58. Let t be (4 - (-115)/(-35))*(8 + 146)/11. Calculate d(t).
-8
Let g(r) = r**3 - r**2 + 2*r + 4. Suppose 2*c - 3*c - 4 = -2*k, -2*k + 4*c + 16 = 0. Let y be g(k). Let z(q) = q**3 + 0*q - y*q**2 + 6 - 2 - 3 - 5*q. Give z(5).
1
Suppose 15*h - 14 = 31. Suppose 2*s + 2*q - 1 = -3*s, 0 = -h*q + 9. Let m(a) = -11*a**2 + a + 1. What is m(s)?
-11
Let y = -103 + 103. Suppose 7*a + h + 6 = 4*a, 2*h = y. Let r(b) = -b + 3. Let n(c) = -c. Let m(d) = -5*n(d) + r(d). Determine m(a).
-5
Let f(u) = 61 - 78673*u - 78667*u + 157341*u. Determine f(-15).
46
Let h(u) = 230 - 3*u + 0*u**2 - u**3 - 113 - 114 + 3*u**2. Suppose -t + 8*g + 8 = 6*g, t - 14 = 4*g. Give h(t).
1
Let i(s) = -s**2 + s + 1. Let y(l) = 3*l**2 - 4 + 2*l**3 - 2 + 3 - 4*l - 4. Let h(u) = -5*i(u) - y(u). Let c = 28 + -26. What is h(c)?
-8
Let q(u) be the first derivative of u**4/4 + 11*u**3/3 + 4*u**2 - 33*u - 3223. What is q(-10)?
-13
Let c(w) = -w**2 - 88*w + 174. Let x be c(2). Let j(f) = f**3 + 8*f**2 - 8. Determine j(x).
64
Let r(v) = 2*v**2 - 49*v + 13. Suppose 6*q - 11*q - 2*p = -132, -2*q = 3*p - 66. Calculate r(q).
-11
Suppose -20 = -4*x + 2*m, -7*m + 18 = 4*x - 8*m. Let n(o) = -5*o - 22. Let p(u) = 3*u + 18. Let w(a) = x*n(a) + 5*p(a). Give w(6).
-28
Let c(t) = 216*t**3 + 0*t - 220*t**3 - 3*t + 4*t**2 - 2 + 4*t. Calculate c(2).
-16
Suppose -354*f - 8060 = -7706. Let k(i) be the third derivative of -i**4/6 + i**3/6 - i**2. Determine k(f).
5
Let t(w) be the third derivative of -3*w**4/8 + 20*w**3/3 - 2307*w**2. Calculate t(8).
-32
Let i(w) = -w**2 - 2*w + w**2 - 2*w**2. Let b(k) = 2*k**3 + 83*k**2 + 121*k + 50. Let g be b(-40). Let q be (2/(-3))/(12/540*g). Calculate i(q).
-12
Let v be 8 + -8 + -3 + (11 - 20). Let r(y) = y**3 + 11*y**2 - 10*y - 1. Calculate r(v).
-25
Let k(b) = 15*b - 51. Let w be (-3)/6 - (13/2 + -10). Give k(w).
-6
Let s(t) = -t**2 + 5*t + 7. Let r = -7082 - -7079. Calculate s(r).
-17
Let n(z) be the second derivative of -z**4/12 + 10*z**3/3 + 32*z**2 - 636*z - 1. Give n(22).
20
Let g(u) = 0*u + 6 + 6*u - 18*u + 2*u + 5*u - u**2. Let f be 10*(-3 + (-11)/(-5)). Let c be 5/((-100)/f)*-15. Determine g(c).
0
Let l(r) = 832*r - 834*r - 24 + 14. Let a(v) = -v**3 + 7*v**2 - v + 8. Let h be a(7). Suppose -3*q = z + 11 + h, -2*z = -3*q + 15. Calculate l(z).
8
Let g(h) = h**3 - 8*h**2 - 3*h + 13. Let k = 8491 - 8484. What is g(k)?
-57
Let y(o) = -11*o**2 + 11*o + 24. Let l(z) = -13*z**2 + 13*z + 27. Let f(q) = 6*l(q) - 7*y(q). Calculate f(0).
-6
Let c = 239 + -220. Let j(v) = 34 - 8*v - c + v**2 - 17 + v. Determine j(6).
-8
Let c(p) = -2*p - 12. Let y(k) = 12*k + 92. Let r(q) = -8*c(q) - y(q). Determine r(-6).
-20
Let x(d) be the first derivative of 8/3*d**3 - d**2 + d + 88. What is x(1)?
7
Let w be -3 - (10 + 0)/(-2). Suppose -20 + w = -3*t. Let o(f) = -f - 1. Let r(z) = z - 3. Let n(l) = -2*o(l) - r(l). Calculate n(t).
11
Suppose 0 = -2*b + 103*s - 92*s + 97, 2*b - 4*s = 48. Let i(p) = -p**3 + 10*p**2 - 9*p + 84. What is i(b)?
-6
Let k(u) = -u**2 - 28*u - 198. Let w be k(-16). Let v(r) = -1 + 1 + 4 - 5*r. Let o(b) = -9*b + 7. Let p(y) = 4*o(y) - 7*v(y). Determine p(w).
6
Let i be -7*(6 - 220/28). Let v(g) = 5 - 16 + i + g. Calculate v(-7).
-5
Suppose -5*o = 5*x + 15, 3*x - 31 = -3*o + 8*x. Let i(j) = o + 3*j + 2*j - 10 + 9 - 3 - j**3. Calculate i(3).
-14
Let g(x) = -205*x - 34. Let w(f) = -88*f - 17. Let m(b) = -3*g(b) + 7*w(b). Let h be 12/(-42) + 94/(-14). Give m(h).
-10
Let f = -218 - -212. Let z be 64/f + (-8)/(-12). Let c(y) = -y**2 - 12*y - 10. Determine c(z).
10
Let r be -1*((-65)/(-13) - (3 + 2)). Let t(h) be the third derivative of 2/3*h**3 + 4*h**2 + 1/120*h**6 - 5/24*h**4 + r*h + 0 + 1/12*h**5. Give t(-6).
-2
Let d(l) = -l**2 + 3*l + 21. Let z be d(6). Suppose 3*t - 18 = z*b, 1 = -2*t - 4*b + 7. Let a be (-3)/t*(-25)/15. Let v(h) = -10*h - 1. Give v(a).
-11
Let c(x) = -23 - 376*x + 1484*x - 370*x - 375*x - 368*x. Calculate c(-7).
12
Let z(h) be the third derivative of h**5/120 - h**4/6 - 31*h**3/3 + h**2 + 2*h. Let x(c) be the first derivative of z(c). What is x(4)?
0
Let y(w) = -4*w**2 - 3*w + 9. Suppose -3*x + 10*g = 15*g + 30, 2*x = -2*g - 12. What is y(x)?
9
Suppose 751 = q - 4*a + 222, -4*q = 5*a - 2095. Let v = -530 + q. Let h(d) = 4*d - d - 7 + 4*d**2 - 3*d**2. Give h(v).
3
Let s(b) = -269 - 496*b**2 + 274 - 11*b + 495*b**2. Calculate s(-11).
5
Suppose -6*n + 14 + 4 = 0. Let l(v) = 2*v + 11 - 9 - n*v. Let f(g) = g**2 + 8*g + 5. Let k be f(-8). Give l(k).
-3
Suppose 220*s = m + 215*s + 28, -m - 18 = -3*s. Let x(a) = -a**2 + 7*a + 41. Give x(m).
11
Suppose 0 = p - 22*p + 1995. Let l = p + -86. Let q(k) = -k**2 + 9*k - 4. What is q(l)?
-4
Let u(f) be the first derivative of -f**7/840 + f**6/72 + f**5/20 - 223*f**3/3 - 40. Let w(r) be the third derivative of u(r). Determine w(6).
0
Let t(n) = -n**3 - n**2 - n + 30. Let x be -5 + 95/20 - (-4)/16. Give t(x).
30
Let v(b) be the first derivative of b**2/2 + b - 1427. Give v(-1).
0
Let i be ((-1)/(-1))/(((-198)/(-60))/33). Let a be (-1)/(i/(-4)) + 703/(-95). Let f(v) = 2*v + 15. Calculate f(a).
1
Let g(s) be the third derivative of s**5/60 + 7*s**4/12 + 13*s**3/6 - 63503*s**2. Suppose -3*k - 42 = -6. Calculate g(k).
-11
Suppose 3*h = -3*h + 4*h. Let j(f) = f**3 + 2*f - 1. Let p be j(h). Let b(q) = q + 2. Let r(y) = 1. Let c(g) = p*b(g) + 5*r(g). What is c(8)?
-5
Let q(b) be the second derivative of -b**4/12 + 17*b**3/6 + 171*b**2/2 - 17*b - 19. Calculate q(24).
3
Let c(h) = 1 - 4*h + 7*h + 6. Let b(j) = j**2 - j - 27. Let d be b(-9). Let u = -70 + d. What is c(u)?
-14
Let u = 108 + -107. Let y(l) = -120*l. Suppose 39*t + 32 = 40*t. Let s(w) = 11*w. Let z(d) = t*s(d) + 3*y(d). Determine z(u).
-8
Let c be 8/1 - 8253/393. Let q(h) = h**3 + 14*h**2 + 8*h - 44. Determine q(c).
21
Let q(p) = 5*p**2 + 3*p + 1. Suppose -4*d - 1 - 19 = -2*z, 4*z + 5*d = -25. Let n(v) = z*v - 2 + 8 + 4 + 2*v. Let k be n(-6). Give q(k).
15
Let a(x) = 135*x + 13. Let b(h) = 201*h + 14. Let n(d) = 3*a